{"id":92,"date":"2020-09-03T15:18:48","date_gmt":"2020-09-03T13:18:48","guid":{"rendered":"https:\/\/gamesfactory.fr\/macon\/?page_id=92"},"modified":"2026-01-20T16:00:33","modified_gmt":"2026-01-20T15:00:33","slug":"bowling","status":"publish","type":"page","link":"https:\/\/gamesfactory.fr\/macon\/bowling\/","title":{"rendered":"Bowling"},"content":{"rendered":"\t\t<div data-elementor-type=\"wp-page\" data-elementor-id=\"92\" class=\"elementor elementor-92\">\n\t\t\t\t\t\t<section class=\"elementor-section elementor-top-section elementor-element elementor-element-1a987b81 elementor-section-full_width elementor-section-height-default elementor-section-height-default\" data-id=\"1a987b81\" data-element_type=\"section\">\n\t\t\t\t\t\t<div class=\"elementor-container elementor-column-gap-default\">\n\t\t\t\t\t<div class=\"elementor-column elementor-col-100 elementor-top-column elementor-element elementor-element-78360de0\" data-id=\"78360de0\" data-element_type=\"column\">\n\t\t\t<div class=\"elementor-widget-wrap elementor-element-populated\">\n\t\t\t\t\t\t<section class=\"elementor-section elementor-inner-section elementor-element elementor-element-7d7efc47 elementor-section-full_width elementor-reverse-mobile elementor-section-height-default elementor-section-height-default\" data-id=\"7d7efc47\" data-element_type=\"section\">\n\t\t\t\t\t\t<div class=\"elementor-container elementor-column-gap-default\">\n\t\t\t\t\t<div class=\"elementor-column elementor-col-50 elementor-inner-column elementor-element elementor-element-bd469ad\" data-id=\"bd469ad\" data-element_type=\"column\">\n\t\t\t<div class=\"elementor-widget-wrap elementor-element-populated\">\n\t\t\t\t\t\t<div class=\"elementor-element elementor-element-df24acd elementor-widget elementor-widget-ucaddon_block_rouge_titre\" data-id=\"df24acd\" data-element_type=\"widget\" data-widget_type=\"ucaddon_block_rouge_titre.default\">\n\t\t\t\t<div class=\"elementor-widget-container\">\n\t\t\t\t\t\n<!-- start Block titre -->\n\t\t<link id='uc_ac_assets_file_block_titre_css_1681-css' href='https:\/\/gamesfactory.fr\/macon\/wp-content\/uploads\/sites\/11\/ac_assets\/custom\/block-titre.css' type='text\/css' rel='stylesheet' >\n\n\n<div class=\"block-titre\">\n\n  <div class=\"content\">\n\n          <h2 class=\"titre\">16 pistes de bowling<\/h2>\n      <h3 class=\"sous-titre\">\u00e9quip\u00e9es de bumpers et boules l\u00e9g\u00e8res pour les enfants.<\/h3>\n    \n\n\n    \n    \n  <\/div>\t\n\n<\/div>\n<!-- end Block titre -->\t\t\t\t<\/div>\n\t\t\t\t<\/div>\n\t\t\t\t\t<\/div>\n\t\t<\/div>\n\t\t\t\t<div class=\"elementor-column elementor-col-50 elementor-inner-column elementor-element elementor-element-76b5811\" data-id=\"76b5811\" data-element_type=\"column\">\n\t\t\t<div class=\"elementor-widget-wrap elementor-element-populated\">\n\t\t\t\t\t\t<div class=\"elementor-element elementor-element-47111e10 elementor-widget elementor-widget-ucaddon_block_image\" data-id=\"47111e10\" data-element_type=\"widget\" data-widget_type=\"ucaddon_block_image.default\">\n\t\t\t\t<div class=\"elementor-widget-container\">\n\t\t\t\t\t\n<!-- start Block image -->\n\t\t<link id='uc_ac_assets_file_block_image_css_912-css' href='https:\/\/gamesfactory.fr\/macon\/wp-content\/uploads\/sites\/11\/ac_assets\/custom\/block-image.css' type='text\/css' rel='stylesheet' >\n\n\n<div class=\"block-image\">\n  <div class=\"bg\" style=\"background-image: url('https:\/\/gamesfactory.fr\/macon\/wp-content\/uploads\/sites\/11\/2023\/12\/bowling-4.png'); \"><\/div>\n<\/div>\n<!-- end Block image -->\t\t\t\t<\/div>\n\t\t\t\t<\/div>\n\t\t\t\t\t<\/div>\n\t\t<\/div>\n\t\t\t\t\t<\/div>\n\t\t<\/section>\n\t\t\t\t<section class=\"elementor-section elementor-inner-section elementor-element elementor-element-4cce2a69 elementor-section-full_width elementor-reverse-tablet elementor-reverse-mobile elementor-section-height-default elementor-section-height-default\" data-id=\"4cce2a69\" data-element_type=\"section\">\n\t\t\t\t\t\t<div class=\"elementor-container elementor-column-gap-default\">\n\t\t\t\t\t<div class=\"elementor-column elementor-col-50 elementor-inner-column elementor-element elementor-element-3f6ac65b\" data-id=\"3f6ac65b\" data-element_type=\"column\">\n\t\t\t<div class=\"elementor-widget-wrap elementor-element-populated\">\n\t\t\t\t\t\t<div class=\"elementor-element elementor-element-7805fe0e elementor-widget elementor-widget-ucaddon_block_image\" data-id=\"7805fe0e\" data-element_type=\"widget\" data-widget_type=\"ucaddon_block_image.default\">\n\t\t\t\t<div class=\"elementor-widget-container\">\n\t\t\t\t\t\n<!-- start Block image -->\n\n\n<div class=\"block-image\">\n  <div class=\"bg\" style=\"background-image: url('https:\/\/gamesfactory.fr\/macon\/wp-content\/uploads\/sites\/11\/2023\/12\/image-rectangle-pour-site-internet-1.png'); \"><\/div>\n<\/div>\n<!-- end Block image -->\t\t\t\t<\/div>\n\t\t\t\t<\/div>\n\t\t\t\t<div class=\"elementor-element elementor-element-2b4cc0c2 elementor-widget elementor-widget-ucaddon_block_image\" data-id=\"2b4cc0c2\" data-element_type=\"widget\" data-widget_type=\"ucaddon_block_image.default\">\n\t\t\t\t<div class=\"elementor-widget-container\">\n\t\t\t\t\t\n<!-- start Block image -->\n\n\n<div class=\"block-image\">\n  <div class=\"bg\" style=\"background-image: url('https:\/\/gamesfactory.fr\/macon\/wp-content\/uploads\/sites\/11\/2020\/09\/gf-bowling.jpg'); \"><\/div>\n<\/div>\n<!-- end Block image -->\t\t\t\t<\/div>\n\t\t\t\t<\/div>\n\t\t\t\t\t<\/div>\n\t\t<\/div>\n\t\t\t\t<div class=\"elementor-column elementor-col-50 elementor-inner-column elementor-element elementor-element-733c6ed7\" data-id=\"733c6ed7\" data-element_type=\"column\">\n\t\t\t<div class=\"elementor-widget-wrap elementor-element-populated\">\n\t\t\t\t\t\t<div class=\"elementor-element elementor-element-4392f918 elementor-widget elementor-widget-ucaddon_block_text_titre\" data-id=\"4392f918\" data-element_type=\"widget\" data-widget_type=\"ucaddon_block_text_titre.default\">\n\t\t\t\t<div class=\"elementor-widget-container\">\n\t\t\t\t\t\n<!-- start Block text -->\n\t\t<link id='uc_ac_assets_file_block_text_css_925-css' href='https:\/\/gamesfactory.fr\/macon\/wp-content\/uploads\/sites\/11\/ac_assets\/custom\/block-text.css' type='text\/css' rel='stylesheet' >\n\n\n<div class=\"block-text-titre\">\n  <h2 class=\"titre\">16 pistes<\/h2>\n  <h3 class=\"sous-titre\">De bowling<\/h3>\n  <p class=\"description\"><p>Venez vous mesurer contre vos amis dans un complexe de loisirs de plus de 2500 m\u00b2.<\/p><\/p>\n<\/div>\n<!-- end Block text -->\t\t\t\t<\/div>\n\t\t\t\t<\/div>\n\t\t\t\t<div class=\"elementor-element elementor-element-1d106f72 elementor-align-justify gf-btn elementor-widget elementor-widget-button\" data-id=\"1d106f72\" data-element_type=\"widget\" data-widget_type=\"button.default\">\n\t\t\t\t<div class=\"elementor-widget-container\">\n\t\t\t\t\t\t\t\t\t<div class=\"elementor-button-wrapper\">\n\t\t\t\t\t<a class=\"elementor-button elementor-button-link elementor-size-md\" href=\"https:\/\/gamesfactory.fr\/macon\/tarifs\/\">\n\t\t\t\t\t\t<span class=\"elementor-button-content-wrapper\">\n\t\t\t\t\t\t\t\t\t<span class=\"elementor-button-text\">nos tarifs<\/span>\n\t\t\t\t\t<\/span>\n\t\t\t\t\t<\/a>\n\t\t\t\t<\/div>\n\t\t\t\t\t\t\t\t<\/div>\n\t\t\t\t<\/div>\n\t\t\t\t<div class=\"elementor-element elementor-element-7aefc3f elementor-button-info elementor-align-justify elementor-widget elementor-widget-button\" data-id=\"7aefc3f\" data-element_type=\"widget\" data-widget_type=\"button.default\">\n\t\t\t\t<div class=\"elementor-widget-container\">\n\t\t\t\t\t\t\t\t\t<div class=\"elementor-button-wrapper\">\n\t\t\t\t\t<a class=\"elementor-button elementor-button-link elementor-size-md\" href=\"https:\/\/gamesfactory.fr\/wp-content\/uploads\/2026\/01\/GF-A4-Carte-fidelite-Site-Web-JPG.jpg\">\n\t\t\t\t\t\t<span class=\"elementor-button-content-wrapper\">\n\t\t\t\t\t\t\t\t\t<span class=\"elementor-button-text\">CARTE DE FID\u00c9LIT\u00c9<\/span>\n\t\t\t\t\t<\/span>\n\t\t\t\t\t<\/a>\n\t\t\t\t<\/div>\n\t\t\t\t\t\t\t\t<\/div>\n\t\t\t\t<\/div>\n\t\t\t\t<div class=\"elementor-element elementor-element-1f26a31a elementor-widget elementor-widget-ucaddon_block_rouge_titre\" data-id=\"1f26a31a\" data-element_type=\"widget\" data-widget_type=\"ucaddon_block_rouge_titre.default\">\n\t\t\t\t<div class=\"elementor-widget-container\">\n\t\t\t\t\t\n<!-- start Block titre -->\n\n\n<div class=\"block-titre\">\n\n  <div class=\"content\">\n\n          <h2 class=\"titre\">Pour la m\u00eame personne, toute l'ann\u00e9e hors veille de jours f\u00e9ri\u00e9s <\/h2>\n      <h3 class=\"sous-titre\">Tous les dimanches de 19h \u00e0 00h<br> 2 parties achet\u00e9es<br> = <br>1 Partie offerte<\/h3>\n    \n\n\n    \n    \n  <\/div>\t\n\n<\/div>\n<!-- end Block titre -->\t\t\t\t<\/div>\n\t\t\t\t<\/div>\n\t\t\t\t<div class=\"elementor-element elementor-element-28fa1006 elementor-widget elementor-widget-ucaddon_block_text_titre\" data-id=\"28fa1006\" data-element_type=\"widget\" data-widget_type=\"ucaddon_block_text_titre.default\">\n\t\t\t\t<div class=\"elementor-widget-container\">\n\t\t\t\t\t\n<!-- start Block text -->\n\n\n<div class=\"block-text-titre\">\n  <h2 class=\"titre\">Pour joueurs<\/h2>\n  <h3 class=\"sous-titre\">D\u00e9butants ou confirm\u00e9s<\/h3>\n  <p class=\"description\"><p>Des parties de bowling \u00e9quitables! Gr\u00e2ce \u00e0 la possibilit\u00e9 d\u2019activer des \u00abbumpers\u00bb, les parties des PMR et des enfants sont facilit\u00e9es!<\/p><\/p>\n<\/div>\n<!-- end Block text -->\t\t\t\t<\/div>\n\t\t\t\t<\/div>\n\t\t\t\t\t<\/div>\n\t\t<\/div>\n\t\t\t\t\t<\/div>\n\t\t<\/section>\n\t\t\t\t<section class=\"elementor-section elementor-inner-section elementor-element elementor-element-35a8113c elementor-section-full_width elementor-section-height-default elementor-section-height-default\" data-id=\"35a8113c\" data-element_type=\"section\">\n\t\t\t\t\t\t<div class=\"elementor-container elementor-column-gap-default\">\n\t\t\t\t\t<div class=\"elementor-column elementor-col-50 elementor-inner-column elementor-element elementor-element-525049e5\" data-id=\"525049e5\" data-element_type=\"column\">\n\t\t\t<div class=\"elementor-widget-wrap elementor-element-populated\">\n\t\t\t\t\t\t<div class=\"elementor-element elementor-element-6cd7b3ef elementor-widget elementor-widget-ucaddon_block_rouge_titre\" data-id=\"6cd7b3ef\" data-element_type=\"widget\" data-widget_type=\"ucaddon_block_rouge_titre.default\">\n\t\t\t\t<div class=\"elementor-widget-container\">\n\t\t\t\t\t\n<!-- start Block titre -->\n\n\n<div class=\"block-titre\">\n\n  <div class=\"content\">\n\n          <h2 class=\"titre\">Venez organiser<\/h2>\n      <h3 class=\"sous-titre\">L'anniversaire de votre enfant<\/h3>\n    \n\n\n        \t<a href=\"https:\/\/gamesfactory.fr\/dijon\/anniversaire\/\" class=\"lien\"><\/a>\n    \n        \t<div class=\"bg\" style=\"background-image: url('https:\/\/gamesfactory.fr\/macon\/wp-content\/uploads\/sites\/11\/2020\/11\/bowling-2.jpg'); \"><\/div>\n    \n  <\/div>\t\n\n<\/div>\n<!-- end Block titre -->\t\t\t\t<\/div>\n\t\t\t\t<\/div>\n\t\t\t\t\t<\/div>\n\t\t<\/div>\n\t\t\t\t<div class=\"elementor-column elementor-col-50 elementor-inner-column elementor-element elementor-element-271c5ced\" data-id=\"271c5ced\" data-element_type=\"column\">\n\t\t\t<div class=\"elementor-widget-wrap elementor-element-populated\">\n\t\t\t\t\t\t<div class=\"elementor-element elementor-element-563d6ad6 elementor-widget elementor-widget-ucaddon_block_rouge_titre\" data-id=\"563d6ad6\" data-element_type=\"widget\" data-widget_type=\"ucaddon_block_rouge_titre.default\">\n\t\t\t\t<div class=\"elementor-widget-container\">\n\t\t\t\t\t\n<!-- start Block titre -->\n\n\n<div class=\"block-titre\">\n\n  <div class=\"content\">\n\n          <h2 class=\"titre\">Offrez un bon cadeau \u00e0 vos proches<\/h2>\n      <h3 class=\"sous-titre\">Vente en ligne<\/h3>\n    \n\n\n        \t<a href=\"\/boutique-en-ligne\" class=\"lien\"><\/a>\n    \n        \t<div class=\"bg\" style=\"background-image: url('https:\/\/gamesfactory.fr\/macon\/wp-content\/uploads\/sites\/11\/2020\/11\/Image1.png'); \"><\/div>\n    \n  <\/div>\t\n\n<\/div>\n<!-- end Block titre -->\t\t\t\t<\/div>\n\t\t\t\t<\/div>\n\t\t\t\t\t<\/div>\n\t\t<\/div>\n\t\t\t\t\t<\/div>\n\t\t<\/section>\n\t\t\t\t<section class=\"elementor-section elementor-inner-section elementor-element elementor-element-2f41d137 elementor-section-full_width elementor-section-height-default elementor-section-height-default\" data-id=\"2f41d137\" data-element_type=\"section\">\n\t\t\t\t\t\t<div class=\"elementor-container elementor-column-gap-default\">\n\t\t\t\t\t<div class=\"elementor-column elementor-col-100 elementor-inner-column elementor-element elementor-element-87c8df\" data-id=\"87c8df\" data-element_type=\"column\">\n\t\t\t<div class=\"elementor-widget-wrap elementor-element-populated\">\n\t\t\t\t\t\t<div class=\"elementor-element elementor-element-6ce67757 elementor-widget elementor-widget-ucaddon_block_rouge_titre\" data-id=\"6ce67757\" data-element_type=\"widget\" data-widget_type=\"ucaddon_block_rouge_titre.default\">\n\t\t\t\t<div class=\"elementor-widget-container\">\n\t\t\t\t\t\n<!-- start Block titre -->\n\n\n<div class=\"block-titre\">\n\n  <div class=\"content\">\n\n          <h2 class=\"titre\"><\/h2>\n      <h3 class=\"sous-titre\">Location de chaussures comprise <\/h3>\n    \n\n\n    \n        \t<div class=\"bg\" style=\"background-image: url('https:\/\/gamesfactory.fr\/macon\/wp-content\/uploads\/sites\/11\/2023\/12\/Image-flou-pour-bowling.png'); \"><\/div>\n    \n  <\/div>\t\n\n<\/div>\n<!-- end Block titre -->\t\t\t\t<\/div>\n\t\t\t\t<\/div>\n\t\t\t\t\t<\/div>\n\t\t<\/div>\n\t\t\t\t\t<\/div>\n\t\t<\/section>\n\t\t\t\t<div class=\"elementor-element elementor-element-5207fb7 elementor-widget elementor-widget-spacer\" data-id=\"5207fb7\" data-element_type=\"widget\" data-widget_type=\"spacer.default\">\n\t\t\t\t<div class=\"elementor-widget-container\">\n\t\t\t\t\t\t\t<div class=\"elementor-spacer\">\n\t\t\t<div class=\"elementor-spacer-inner\"><\/div>\n\t\t<\/div>\n\t\t\t\t\t\t<\/div>\n\t\t\t\t<\/div>\n\t\t\t\t\t<\/div>\n\t\t<\/div>\n\t\t\t\t\t<\/div>\n\t\t<\/section>\n\t\t\t\t<\/div>\n\t\t","protected":false},"excerpt":{"rendered":"<p>16 pistes de bowling \u00e9quip\u00e9es de bumpers et boules l\u00e9g\u00e8res pour les enfants. 16 pistes De bowling Venez vous mesurer contre vos amis dans un complexe de loisirs de plus de 2500 m\u00b2. nos tarifs CARTE DE FID\u00c9LIT\u00c9 Pour la m\u00eame personne, toute l&#8217;ann\u00e9e hors veille de jours f\u00e9ri\u00e9s Tous les dimanches de 19h \u00e0 [&hellip;]<\/p>\n","protected":false},"author":1,"featured_media":0,"parent":0,"menu_order":0,"comment_status":"closed","ping_status":"closed","template":"","meta":{"inline_featured_image":false,"site-sidebar-layout":"no-sidebar","site-content-layout":"page-builder","ast-site-content-layout":"","site-content-style":"default","site-sidebar-style":"default","ast-global-header-display":"","ast-banner-title-visibility":"","ast-main-header-display":"","ast-hfb-above-header-display":"","ast-hfb-below-header-display":"","ast-hfb-mobile-header-display":"","site-post-title":"disabled","ast-breadcrumbs-content":"","ast-featured-img":"disabled","footer-sml-layout":"","theme-transparent-header-meta":"default","adv-header-id-meta":"","stick-header-meta":"","header-above-stick-meta":"","header-main-stick-meta":"","header-below-stick-meta":"","astra-migrate-meta-layouts":"default","ast-page-background-enabled":"default","ast-page-background-meta":{"desktop":{"background-color":"","background-image":"","background-repeat":"repeat","background-position":"center center","background-size":"auto","background-attachment":"scroll","background-type":"","background-media":"","overlay-type":"","overlay-color":"","overlay-opacity":"","overlay-gradient":""},"tablet":{"background-color":"","background-image":"","background-repeat":"repeat","background-position":"center center","background-size":"auto","background-attachment":"scroll","background-type":"","background-media":"","overlay-type":"","overlay-color":"","overlay-opacity":"","overlay-gradient":""},"mobile":{"background-color":"","background-image":"","background-repeat":"repeat","background-position":"center center","background-size":"auto","background-attachment":"scroll","background-type":"","background-media":"","overlay-type":"","overlay-color":"","overlay-opacity":"","overlay-gradient":""}},"ast-content-background-meta":{"desktop":{"background-color":"var(--ast-global-color-5)","background-image":"","background-repeat":"repeat","background-position":"center center","background-size":"auto","background-attachment":"scroll","background-type":"","background-media":"","overlay-type":"","overlay-color":"","overlay-opacity":"","overlay-gradient":""},"tablet":{"background-color":"var(--ast-global-color-5)","background-image":"","background-repeat":"repeat","background-position":"center center","background-size":"auto","background-attachment":"scroll","background-type":"","background-media":"","overlay-type":"","overlay-color":"","overlay-opacity":"","overlay-gradient":""},"mobile":{"background-color":"var(--ast-global-color-5)","background-image":"","background-repeat":"repeat","background-position":"center center","background-size":"auto","background-attachment":"scroll","background-type":"","background-media":"","overlay-type":"","overlay-color":"","overlay-opacity":"","overlay-gradient":""}},"footnotes":""},"class_list":["post-92","page","type-page","status-publish","hentry"],"yoast_head":"<!-- This site is optimized with the Yoast SEO plugin v24.6 - https:\/\/yoast.com\/wordpress\/plugins\/seo\/ -->\n<title>Bowling - Games Factory M\u00e2con<\/title>\n<meta name=\"description\" content=\"Venez jouer au bowling dans votre complexe de loisirs Games Factory \u00e0 M\u00e2con. La r\u00e9servation se fait directement en ligne.\" \/>\n<meta name=\"robots\" content=\"index, follow, max-snippet:-1, max-image-preview:large, max-video-preview:-1\" \/>\n<link rel=\"canonical\" href=\"https:\/\/gamesfactory.fr\/macon\/bowling\/\" \/>\n<meta property=\"og:locale\" content=\"fr_FR\" \/>\n<meta property=\"og:type\" content=\"article\" \/>\n<meta property=\"og:title\" content=\"Bowling - Games Factory M\u00e2con\" \/>\n<meta property=\"og:description\" content=\"Venez jouer au bowling dans votre complexe de loisirs Games Factory \u00e0 M\u00e2con. La r\u00e9servation se fait directement en ligne.\" \/>\n<meta property=\"og:url\" content=\"https:\/\/gamesfactory.fr\/macon\/bowling\/\" \/>\n<meta property=\"og:site_name\" content=\"Games Factory M\u00e2con\" \/>\n<meta property=\"article:modified_time\" content=\"2026-01-20T15:00:33+00:00\" \/>\n<meta name=\"twitter:card\" content=\"summary_large_image\" \/>\n<meta name=\"twitter:label1\" content=\"Dur\u00e9e de lecture estim\u00e9e\" \/>\n\t<meta name=\"twitter:data1\" content=\"1 minute\" \/>\n<script type=\"application\/ld+json\" class=\"yoast-schema-graph\">{\"@context\":\"https:\/\/schema.org\",\"@graph\":[{\"@type\":\"WebPage\",\"@id\":\"https:\/\/gamesfactory.fr\/macon\/bowling\/\",\"url\":\"https:\/\/gamesfactory.fr\/macon\/bowling\/\",\"name\":\"Bowling - Games Factory M\u00e2con\",\"isPartOf\":{\"@id\":\"https:\/\/gamesfactory.fr\/macon\/#website\"},\"datePublished\":\"2020-09-03T13:18:48+00:00\",\"dateModified\":\"2026-01-20T15:00:33+00:00\",\"description\":\"Venez jouer au bowling dans votre complexe de loisirs Games Factory \u00e0 M\u00e2con. La r\u00e9servation se fait directement en ligne.\",\"breadcrumb\":{\"@id\":\"https:\/\/gamesfactory.fr\/macon\/bowling\/#breadcrumb\"},\"inLanguage\":\"fr-FR\",\"potentialAction\":[{\"@type\":\"ReadAction\",\"target\":[\"https:\/\/gamesfactory.fr\/macon\/bowling\/\"]}]},{\"@type\":\"BreadcrumbList\",\"@id\":\"https:\/\/gamesfactory.fr\/macon\/bowling\/#breadcrumb\",\"itemListElement\":[{\"@type\":\"ListItem\",\"position\":1,\"name\":\"Accueil\",\"item\":\"https:\/\/gamesfactory.fr\/macon\/\"},{\"@type\":\"ListItem\",\"position\":2,\"name\":\"Bowling\"}]},{\"@type\":\"WebSite\",\"@id\":\"https:\/\/gamesfactory.fr\/macon\/#website\",\"url\":\"https:\/\/gamesfactory.fr\/macon\/\",\"name\":\"Games Factory M\u00e2con\",\"description\":\"Votre complexe de loisirs \u00e0 Dijon\",\"potentialAction\":[{\"@type\":\"SearchAction\",\"target\":{\"@type\":\"EntryPoint\",\"urlTemplate\":\"https:\/\/gamesfactory.fr\/macon\/?s={search_term_string}\"},\"query-input\":{\"@type\":\"PropertyValueSpecification\",\"valueRequired\":true,\"valueName\":\"search_term_string\"}}],\"inLanguage\":\"fr-FR\"}]}<\/script>\n<!-- \/ Yoast SEO plugin. -->","yoast_head_json":{"title":"Bowling - Games Factory M\u00e2con","description":"Venez jouer au bowling dans votre complexe de loisirs Games Factory \u00e0 M\u00e2con. La r\u00e9servation se fait directement en ligne.","robots":{"index":"index","follow":"follow","max-snippet":"max-snippet:-1","max-image-preview":"max-image-preview:large","max-video-preview":"max-video-preview:-1"},"canonical":"https:\/\/gamesfactory.fr\/macon\/bowling\/","og_locale":"fr_FR","og_type":"article","og_title":"Bowling - Games Factory M\u00e2con","og_description":"Venez jouer au bowling dans votre complexe de loisirs Games Factory \u00e0 M\u00e2con. La r\u00e9servation se fait directement en ligne.","og_url":"https:\/\/gamesfactory.fr\/macon\/bowling\/","og_site_name":"Games Factory M\u00e2con","article_modified_time":"2026-01-20T15:00:33+00:00","twitter_card":"summary_large_image","twitter_misc":{"Dur\u00e9e de lecture estim\u00e9e":"1 minute"},"schema":{"@context":"https:\/\/schema.org","@graph":[{"@type":"WebPage","@id":"https:\/\/gamesfactory.fr\/macon\/bowling\/","url":"https:\/\/gamesfactory.fr\/macon\/bowling\/","name":"Bowling - Games Factory M\u00e2con","isPartOf":{"@id":"https:\/\/gamesfactory.fr\/macon\/#website"},"datePublished":"2020-09-03T13:18:48+00:00","dateModified":"2026-01-20T15:00:33+00:00","description":"Venez jouer au bowling dans votre complexe de loisirs Games Factory \u00e0 M\u00e2con. La r\u00e9servation se fait directement en ligne.","breadcrumb":{"@id":"https:\/\/gamesfactory.fr\/macon\/bowling\/#breadcrumb"},"inLanguage":"fr-FR","potentialAction":[{"@type":"ReadAction","target":["https:\/\/gamesfactory.fr\/macon\/bowling\/"]}]},{"@type":"BreadcrumbList","@id":"https:\/\/gamesfactory.fr\/macon\/bowling\/#breadcrumb","itemListElement":[{"@type":"ListItem","position":1,"name":"Accueil","item":"https:\/\/gamesfactory.fr\/macon\/"},{"@type":"ListItem","position":2,"name":"Bowling"}]},{"@type":"WebSite","@id":"https:\/\/gamesfactory.fr\/macon\/#website","url":"https:\/\/gamesfactory.fr\/macon\/","name":"Games Factory M\u00e2con","description":"Votre complexe de loisirs \u00e0 Dijon","potentialAction":[{"@type":"SearchAction","target":{"@type":"EntryPoint","urlTemplate":"https:\/\/gamesfactory.fr\/macon\/?s={search_term_string}"},"query-input":{"@type":"PropertyValueSpecification","valueRequired":true,"valueName":"search_term_string"}}],"inLanguage":"fr-FR"}]}},"_links":{"self":[{"href":"https:\/\/gamesfactory.fr\/macon\/wp-json\/wp\/v2\/pages\/92","targetHints":{"allow":["GET"]}}],"collection":[{"href":"https:\/\/gamesfactory.fr\/macon\/wp-json\/wp\/v2\/pages"}],"about":[{"href":"https:\/\/gamesfactory.fr\/macon\/wp-json\/wp\/v2\/types\/page"}],"author":[{"embeddable":true,"href":"https:\/\/gamesfactory.fr\/macon\/wp-json\/wp\/v2\/users\/1"}],"replies":[{"embeddable":true,"href":"https:\/\/gamesfactory.fr\/macon\/wp-json\/wp\/v2\/comments?post=92"}],"version-history":[{"count":134,"href":"https:\/\/gamesfactory.fr\/macon\/wp-json\/wp\/v2\/pages\/92\/revisions"}],"predecessor-version":[{"id":4490,"href":"https:\/\/gamesfactory.fr\/macon\/wp-json\/wp\/v2\/pages\/92\/revisions\/4490"}],"wp:attachment":[{"href":"https:\/\/gamesfactory.fr\/macon\/wp-json\/wp\/v2\/media?parent=92"}],"curies":[{"name":"wp","href":"https:\/\/api.w.org\/{rel}","templated":true}]}}